te the remainder when u is divided by 26.
13
Calculate the remainder when 391 - (129/43 + -3 + 1) is divided by 359.
31
Suppose 46*d - 14808 = 372. Calculate the remainder when 334 is divided by d.
4
Let c(p) = 7*p**2 + 224*p - 676. Calculate the remainder when 294 is divided by c(3).
58
Suppose 16*f = 17*f + 2*j - 17, 0 = -5*f + j + 151. Calculate the remainder when 803 is divided by f.
20
Calculate the remainder when ((-90)/(-24))/((-925)/(-460) + -2) is divided by 334.
11
Let y(b) be the third derivative of b**5/30 - 5*b**4/12 - 3*b**3 + 16*b**2. Calculate the remainder when y(9) is divided by 18.
0
Let y = -2337 - -2402. Calculate the remainder when y is divided by 51.
14
Let q(w) = -w + 16. Let r be q(0). Suppose 5*b - r*s - 193 = -13*s, b = 3*s + 29. Calculate the remainder when 409 is divided by b.
40
Suppose -3*k = -w + 1217, 39*k = 2*w + 38*k - 2454. Calculate the remainder when w is divided by 44.
41
Let s be (-1)/(3 + (-866)/288). Let k = s - 133. Let u(d) = 4*d**3 + 4*d**2 - 4*d + 2. What is the remainder when u(2) is divided by k?
9
Calculate the remainder when 140 is divided by (-453)/(-302) + (-101)/(-2).
36
Suppose -157 = 7*w - 1277. Let v = 262 - w. Calculate the remainder when v is divided by 53.
49
Let j be (2*-1)/((3 + -5)*1). Calculate the remainder when 94/235*85/j is divided by 12.
10
Let k(b) = 8*b**2 - 44*b + 70. What is the remainder when k(20) is divided by 11?
3
Let o(l) = -9*l - 343. Let k be o(36). Let t = -648 - k. Calculate the remainder when 105 is divided by t.
10
Let a = -61 + 3. Let g = a - -58. Suppose l - 5 - 74 = g. What is the remainder when l is divided by 21?
16
Suppose 209 = 4*z + 7*z. Let o = 132 + z. Suppose -137 - o = -6*k. Calculate the remainder when k is divided by 26.
22
Let h(o) = 58*o - 50. Let n be h(6). Suppose n = 3*d - 2*f, 5*d + 2*f - 475 = f. Suppose 3*q = -q + d. What is the remainder when q is divided by 14?
10
Let a(c) = c**2 + 40*c - 94. What is the remainder when a(-53) is divided by 196?
7
Let n = -6 + 15. Suppose 2*h + 55 = 5*l + 7*h, -h - 11 = -l. Suppose l*j - 131 = -98. What is the remainder when n is divided by j?
0
Suppose -5*j = -44 + 34. Suppose 3*f = j*a - 164, -2*f - 7 = -3. What is the remainder when a is divided by 8?
7
Let k(u) = -5*u**2 + 58*u + 9501. What is the remainder when k(0) is divided by 48?
45
Suppose 0*t + 36 = 4*y - 2*t, 3*t + 19 = y. Suppose -5*d + 56 = y*l - 3*l, -l + 28 = 3*d. Calculate the remainder when 79 is divided by d.
7
Let w = 423 + -295. Let u(p) = p**2 + 18*p + 24. What is the remainder when w is divided by u(-19)?
42
Suppose 27*h - 5404 + 274 = 0. What is the remainder when 2468 is divided by h?
188
Let l be 5*-1*3/(-3). Let j(k) = 3*k**3 + k**2 + 3*k - 6. Let s be j(2). Let p = s - l. Calculate the remainder when 112 is divided by p.
20
Suppose 45 = -6*q - 321. Let r = q - -52. Let w(d) = d**2 + 3*d + 21. Calculate the remainder when w(r) is divided by 20.
15
Let u = -2964 + 3016. What is the remainder when 301 is divided by u?
41
Let h(l) = 57*l**2 + 231*l + 457. Calculate the remainder when h(-2) is divided by 13.
2
Let a(j) = 4*j**2 - 186*j + 334. What is the remainder when 1407 is divided by a(45)?
63
Suppose 804 - 485 = 13*m - 656. Calculate the remainder when 540 is divided by m.
15
Let k(p) = -37*p + 45. Let u be k(6). What is the remainder when 161 is divided by -5 - u*(-5)/(-15)?
53
Let v = 3641 + -3587. Calculate the remainder when 148 is divided by v.
40
What is the remainder when 435 is divided by (-1*32/24)/((-16)/2196)?
69
Let d(t) = -4*t**2 - 73*t + 64. Let q(p) = -2*p**2 - 37*p + 31. Let l(a) = -4*d(a) + 7*q(a). What is the remainder when 74 is divided by l(-18)?
14
Suppose 44*n = 35*n + 1863. Let w = -182 + 197. Calculate the remainder when n is divided by w.
12
Suppose -3*c + 11 = -40. Suppose -27*t - 350 + 3050 = 0. Suppose 4*g = a + 3*a + t, -67 = -3*g - a. Calculate the remainder when g is divided by c.
6
Suppose 3*n + 492 - 513 = -3*k, -4*n + 36 = 3*k. What is the remainder when 101 is divided by n?
11
Let a(x) = 16*x**2 + x - 1. Let s = -367 + 385. Suppose -21*b - 5*n = -s*b - 27, -4*n + 16 = b. What is the remainder when a(1) is divided by b?
0
Suppose 0 = 9*s - 28 - 62. Suppose u + u = s, -5*u = -2*g + 115. Calculate the remainder when 276 is divided by g.
66
Let b = -26 - -259. Calculate the remainder when b is divided by 23.
3
Suppose 0 = 2012*q - 2018*q + 888. Calculate the remainder when 735 is divided by q.
143
Let k = 69 + -40. Suppose -2*s - 5*g = 41, -s - 9*g = -8*g + 13. Calculate the remainder when k is divided by s*(-4)/(-10)*(-25)/5.
13
Let o(m) = -2*m**3 - 9*m**2 - 5*m + 4. Let n be o(-4). Let h = n - 8. Suppose -i = -2*i + 4*l + 13, h = l. What is the remainder when 51 is divided by i?
12
Let u = -605 - -610. Suppose u*y = h - 35, -h + 9*y + 32 = 7*y. Calculate the remainder when 130 is divided by h.
10
Suppose -383 = 3*r + 547. Let c = -282 - r. What is the remainder when 77 is divided by c?
21
Let i = -31 - -56. Let n = -634 - -249. What is the remainder when i is divided by n/(-28) + (-2)/(-8)?
11
Calculate the remainder when (-982)/((98/30 - 3)*90/(-36)) is divided by 486.
15
Suppose 88 = 9*u - 119. Let f = 163 - 102. What is the remainder when f is divided by u?
15
Suppose -3*v + 2*d = -747, 0 = 3*v + v + 3*d - 996. Let i = v - 92. Calculate the remainder when i is divided by 20.
17
Let h(s) = 20*s**2. Let u be h(1). Let d = 7098 + -7094. Suppose d*j = 6*j - u. Calculate the remainder when j is divided by 7.
3
Let i = -475812 + 476167. Let o(f) = -7*f + 5. Calculate the remainder when i is divided by o(-5).
35
Suppose 0 = -3*a - 2*b - 0 - 16, 4*b = -20. What is the remainder when 26 is divided by -7*12/126*27/a?
8
Let i(f) = 1450*f - 7922. Calculate the remainder when i(6) is divided by 164.
122
Let f(v) = 8*v**2 - 171*v - 957. Let o(t) = 9*t + 14. Let m(q) = 5*q + 7. Let s(h) = -5*m(h) + 3*o(h). What is the remainder when s(5) is divided by f(26)?
2
Suppose 5*j + v - 2*v = 4, 3*v + 12 = 4*j. Let k be (-1 - -2) + 28204/(-22). What is the remainder when (j - k/12) + 2/8 is divided by 22?
19
Let q(t) = -74*t + 896. Calculate the remainder when 85 is divided by q(12).
5
Let n = 14600 - 13217. Calculate the remainder when n is divided by 356.
315
Calculate the remainder when 6857 is divided by 21/((243/(-18))/(-9)).
11
Suppose 29*c - 70*c + 340 = -21*c. What is the remainder when 879/6 - (-6)/4 is divided by c?
12
Let u(h) = -302*h - 825. What is the remainder when 188 is divided by u(-3)?
26
What is the remainder when 207 is divided by 5*7/(-175) - (-5 - (-1780)/(-25))?
55
Let t = -1740 - -1840. Suppose 5*k - 124 = 3*p - p, 3*p = 3*k - 69. Calculate the remainder when t is divided by k.
22
Let x = 21359 + -21308. Suppose -2 = -3*h + 16. What is the remainder when x is divided by h?
3
Suppose 667 + 63 = 10*a. What is the remainder when 452 is divided by a?
14
Suppose 5*u + 5*w = 810, -7*u + 3*w = -4*u - 468. What is the remainder when 619 is divided by u?
142
Let o = -199 + 187. What is the remainder when 94 is divided by 87/o*-4 - -3?
30
Let h(z) = -216*z + 2694. What is the remainder when h(10) is divided by 45?
39
Suppose 29 - 77 = -24*n. Calculate the remainder when ((-624)/(-30))/(n/15) is divided by 40.
36
Let y be (11/(-22))/(-3*(-3)/1908). Let r = 113 + y. Calculate the remainder when 18 is divided by 4/r*(-14)/4*-2.
2
Let v(q) = -11*q + 9. Let f be v(1). Let j be (f/4 + 1)*(-8 + 8). Suppose -2*x + 12 + j = 0. What is the remainder when 9 is divided by x?
3
Let k(x) = x**2 + 19*x + 66. Let j be k(-20). Let m = -72 + j. Calculate the remainder when 109 is divided by m.
11
Calculate the remainder when 10 + (13 - (-1236)/2) is divided by 105.
11
Let g = 28533 - 28336. Calculate the remainder when 777 is divided by g.
186
Suppose -u + 1 + 2 = 0. Suppose -350*n + 348*n = -4. Suppose 0 = -n*v - u*v + 555. Calculate the remainder when v is divided by 28.
27
Suppose -54 = -6*b + 132. Let a(u) = -51*u + 1. Calculate the remainder when a(-3) is divided by b.
30
Suppose -4*i + 27 = 7. Let y(p) = 3*p + 1. Suppose 24*t - 28*t = -176. Calculate the remainder when t is divided by y(i).
12
Suppose -17*p + 22*p = 325. Calculate the remainder when 7 is divided by (-21)/(-15) + 1 + 39/p.
1
Let w = -49 - -30